
Calculate the remainder when 945 is divided by 11.
10
What is the remainder when 2038 is divided by 11?
3
Calculate the remainder when 1053 is divided by 4.
1
What is the remainder when 91 is divided by 78?
13
Calculate the remainder when 39 is divided by 17.
5
Calculate the remainder when 924 is divided by 436.
52
What is the remainder when 113 is divided by 105?
8
Calculate the remainder when 977 is divided by 196.
193
Calculate the remainder when 473 is divided by 20.
13
What is the remainder when 1668 is divided by 22?
18
What is the remainder when 200 is divided by 103?
97
Calculate the remainder when 454 is divided by 19.
17
What is the remainder when 265 is divided by 34?
27
Calculate the remainder when 113 is divided by 53.
7
What is the remainder when 109 is divided by 28?
25
What is the remainder when 2665 is divided by 10?
5
What is the remainder when 2035 is divided by 17?
12
Calculate the remainder when 2135 is divided by 354.
11
Calculate the remainder when 226 is divided by 39.
31
Calculate the remainder when 8398 is divided by 112.
110
Calculate the remainder when 52 is divided by 45.
7
What is the remainder when 410 is divided by 189?
32
What is the remainder when 146 is divided by 3?
2
Calculate the remainder when 721 is divided by 27.
19
Calculate the remainder when 578 is divided by 83.
80
Calculate the remainder when 1438 is divided by 5.
3
What is the remainder when 1563 is divided by 27?
24
What is the remainder when 67 is divided by 34?
33
Calculate the remainder when 94 is divided by 68.
26
What is the remainder when 1452 is divided by 274?
82
What is the remainder when 404 is divided by 38?
24
What is the remainder when 735 is divided by 32?
31
What is the remainder when 479 is divided by 48?
47
What is the remainder when 27 is divided by 8?
3
What is the remainder when 354 is divided by 51?
48
What is the remainder when 3986 is divided by 1980?
26
Calculate the remainder when 277 is divided by 56.
53
What is the remainder when 1274 is divided by 259?
238
Calculate the remainder when 2639 is divided by 40.
39
What is the remainder when 89 is divided by 48?
41
What is the remainder when 1684 is divided by 213?
193
Calculate the remainder when 132 is divided by 61.
10
Calculate the remainder when 542 is divided by 103.
27
What is the remainder when 62 is divided by 21?
20
What is the remainder when 2668 is divided by 167?
163
What is the remainder when 100 is divided by 30?
10
What is the remainder when 421 is divided by 3?
1
Calculate the remainder when 304 is divided by 73.
12
What is the remainder when 19 is divided by 5?
4
Calculate the remainder when 261 is divided by 34.
23
Calculate the remainder when 9383 is divided by 391.
390
Calculate the remainder when 93 is divided by 31.
0
Calculate the remainder when 2242 is divided by 35.
2
What is the remainder when 1945 is divided by 178?
165
Calculate the remainder when 682 is divided by 59.
33
Calculate the remainder when 128 is divided by 65.
63
What is the remainder when 1531 is divided by 301?
26
Calculate the remainder when 217 is divided by 68.
13
Calculate the remainder when 607 is divided by 8.
7
What is the remainder when 1622 is divided by 29?
27
Calculate the remainder when 33 is divided by 14.
5
Calculate the remainder when 1395 is divided by 200.
195
What is the remainder when 134 is divided by 26?
4
Calculate the remainder when 191 is divided by 39.
35
Calculate the remainder when 1518 is divided by 10.
8
Calculate the remainder when 275 is divided by 243.
32
Calculate the remainder when 2466 is divided by 806.
48
Calculate the remainder when 4179 is divided by 27.
21
Calculate the remainder when 83 is divided by 50.
33
Calculate the remainder when 65 is divided by 42.
23
What is the remainder when 356 is divided by 152?
52
Calculate the remainder when 78 is divided by 9.
6
What is the remainder when 1491 is divided by 100?
91
What is the remainder when 207 is divided by 8?
7
Calculate the remainder when 240 is divided by 31.
23
Calculate the remainder when 92 is divided by 27.
11
Calculate the remainder when 134 is divided by 45.
44
Calculate the remainder when 82 is divided by 11.
5
What is the remainder when 486 is divided by 66?
24
What is the remainder when 184 is divided by 65?
54
What is the remainder when 3566 is divided by 123?
122
Calculate the remainder when 533 is divided by 88.
5
What is the remainder when 862 is divided by 16?
14
Calculate the remainder when 180 is divided by 13.
11
What is the remainder when 300 is divided by 290?
10
Calculate the remainder when 131 is divided by 39.
14
What is the remainder when 1439 is divided by 40?
39
What is the remainder when 3524 is divided by 15?
14
What is the remainder when 228 is divided by 24?
12
Calculate the remainder when 68 is divided by 19.
11
What is the remainder when 503 is divided by 137?
92
What is the remainder when 62 is divided by 21?
20
What is the remainder when 62 is divided by 21?
20
What is the remainder when 14012 is divided by 81?
80
What is the remainder when 1682 is divided by 33?
32
Calculate the remainder when 923 is divided by 32.
27
What is the remainder when 192 is divided by 45?
12
Calculate the remainder when 261 is divided by 64.
5
What is the remainder when 6713 is divided by 2234?
11
What is the remainder when 114 is divided by 41?
32
What is the remainder when 14988 is divided by 17?
11
Calculate the remainder when 362 is divided by 61.
57
What is the remainder when 17413 is divided by 81?
79
What is the remainder when 993 is divided by 91?
83
Calculate the remainder when 791 is divided by 61.
59
What is the remainder when 69 is divided by 66?
3
Calculate the remainder when 463 is divided by 452.
11
What is the remainder when 1597 is divided by 84?
1
Calculate the remainder when 2549 is divided by 181.
15
Calculate the remainder when 90 is divided by 20.
10
What is the remainder when 541 is divided by 128?
29
What is the remainder when 477 is divided by 5?
2
What is the remainder when 1258 is divided by 254?
242
What is the remainder when 110 is divided by 38?
34
Calculate the remainder when 1182 is divided by 13.
12
What is the remainder when 739 is divided by 67?
2
Calculate the remainder when 150 is divided by 43.
21
Calculate the remainder when 370 is divided by 25.
20
Calculate the remainder when 603 is divided by 4.
3
Calculate the remainder when 109 is divided by 57.
52
What is the remainder when 9248 is divided by 125?
123
Calculate the remainder when 312 is divided by 21.
18
Calculate the remainder when 161 is divided by 28.
21
Calculate the remainder when 1294 is divided by 79.
30
Calculate the remainder when 474 is divided by 70.
54
What is the remainder when 767 is divided by 165?
107
What is the remainder when 275 is divided by 23?
22
What is the remainder when 22597 is divided by 81?
79
What is the remainder when 273 is divided by 32?
17
Calculate the remainder when 46 is divided by 4.
2
Calculate the remainder when 317 is divided by 64.
61
What is the remainder when 1614 is divided by 28?
18
What is the remainder when 89 is divided by 9?
8
Calculate the remainder when 245 is divided by 51.
41
Calculate the remainder when 128 is divided by 45.
38
Calculate the remainder when 967 is divided by 49.
36
Calculate the remainder when 429 is divided by 288.
141
Calculate the remainder when 323 is divided by 170.
153
What is the remainder when 58 is divided by 7?
2
Calculate the remainder when 335 is divided by 56.
55
Calculate the remainder when 564 is divided by 22.
14
What is the remainder when 464 is divided by 43?
34
Calculate the remainder when 1776 is divided by 27.
21
What is the remainder when 520 is divided by 6?
4
What is the remainder when 72 is divided by 24?
0
What is the remainder when 49286 is divided by 31?
27
Calculate the remainder when 2535 is divided by 47.
44
Calculate the remainder when 1678 is divided by 280.
278
Calculate the remainder when 415 is divided by 8.
7
Calculate the remainder when 382 is divided by 26.
18
Calculate the remainder when 220 is divided by 32.
28
What is the remainder when 139 is divided by 28?
27
Calculate the remainder when 431 is divided by 62.
59
Calculate the remainder when 974 is divided by 320.
1